-3) - 2. Let v = 14 - j. What is the tens digit of ((-39)/(-2))/(v/(-4))?
3
Suppose 50*d - 88784 = -12*d. What is the tens digit of d?
3
Suppose -1 = 2*u - u. What is the tens digit of 1 + 92 + u + 4?
9
Let d(v) = -v**3 - 13*v**2 - v + 74. What is the units digit of d(-13)?
7
Let n(v) = -v**3 + 18*v**2 - 12*v + 33. What is the tens digit of n(15)?
2
Let c(l) = 202*l - 77. What is the thousands digit of c(6)?
1
What is the tens digit of (-3)/(15/10) - -635?
3
What is the hundreds digit of ((336/(-40))/(-7))/(6/1340)?
2
Suppose -5*m = -19 - 6, 162 = 2*u + 4*m. What is the units digit of u?
1
Let k(t) = 24*t + 25. What is the units digit of k(17)?
3
Let q(r) be the first derivative of -r**3/3 + 2*r - 2. Let w be q(0). Suppose w*y - 5*a = -11, 3*y + 0*a - 11 = 2*a. What is the units digit of y?
7
Let i = 1063 + -574. What is the tens digit of i?
8
Let z(s) = -11*s - 1. Suppose -6 = -3*o + o, 0 = -3*g + o - 21. Let w(k) = 12*k + 1. Let q(f) = g*w(f) - 7*z(f). What is the tens digit of q(6)?
3
Let c(a) = 2215*a**2 - 108*a + 107. What is the tens digit of c(1)?
1
Let o(w) = 47*w**3 + w - 1. Let f = 17 - 16. Let s be o(f). Suppose p + 0*g = g + 35, 0 = -p - 2*g + s. What is the tens digit of p?
3
Let v(a) = 2*a**2 + 2*a + 2. Let d be v(-3). Suppose -6*y = 53 - 119. Let j = d - y. What is the units digit of j?
3
Suppose -6*m + 5*m - 43 = 0. Let r = -14 - m. Let c = -9 + r. What is the units digit of c?
0
Let p be 0 + -1 - (2 + 1). Let l(d) = d**2 + 3*d - 2. Let b be l(p). Suppose -6*r + b*r - 3*u = -49, -3*u = -r + 1. What is the units digit of r?
0
Let q(z) = -z**3 + 5*z**2 - 5*z - 2. Let m be q(4). Let s = m + 10. Suppose -4*x = -0*g + 3*g - 36, -5*g - 36 = -s*x. What is the units digit of x?
9
Let q be 2/13 + 666/234. Suppose 3*t - 5*o - 29 = -0, -q*o - 19 = -2*t. Suppose 5*k - t = k. What is the units digit of k?
2
Let d be 113/6*-4*(-27)/(-18). Let s = d + 343. What is the hundreds digit of s?
2
Suppose -3*w - 6624 = -3*a, -42*w - 2196 = -a - 45*w. What is the hundreds digit of a?
2
Let v = -88 - -90. Suppose -3*f = 5*s - 293, v*f - f - 109 = 4*s. What is the tens digit of f?
0
Suppose 7*s - 501 = -25. Suppose f - s = -19. What is the units digit of f?
9
Let l be 1*-21 - (-6 + 4). Suppose -2*m = 2*r - 96, -4*r + 7 = -m - 205. Let j = l + r. What is the tens digit of j?
3
Let y = 566 + -224. What is the units digit of y?
2
Let o(k) = -k**3 + 5*k**2 + 14*k + 8. Let i be o(7). Let l be (3 - 13)*(-316)/i. Suppose -5*d + 5 = -l. What is the units digit of d?
0
Let d(t) = t**2 + t - 19. Let g(i) = -i**2 - 7*i - 4. Let j be g(-3). What is the tens digit of d(j)?
5
Let s(w) = -3*w**3 + 4*w**2 + 5*w + 7. Let u be s(-3). Suppose -9*t + 35 = -u. What is the tens digit of t?
1
Let m = 9 - 6. Let c(b) = m*b + 2 + 4 + 2. What is the tens digit of c(10)?
3
What is the tens digit of 5/(-35) - 126321/(-91)?
8
Suppose 7*s - 3*s = -t - 12, 0 = t - 5*s - 6. Let j(f) = 122*f - 124*f - 4 - 3 + f**2. What is the units digit of j(t)?
7
Suppose -4*i - 2 = -5*i. Suppose -10 = -i*p - 36. Let l = p + 25. What is the units digit of l?
2
Let w = -45 - -31. Let i = -24 - w. Let o(p) = -4*p - 3. What is the units digit of o(i)?
7
Let h(l) = l**2 + 4*l - 3. Let x(k) = -3*k**2 - 9*k + 6. Let d(b) = 5*h(b) + 2*x(b). Let o be d(4). Let v = o + 24. What is the tens digit of v?
1
Let c be (-4 + 5)/((-2)/12). Let w be (9 + -3)*(-1)/3. What is the units digit of w/(1/(81/c))?
7
Let o be (-7 - 3)*10/4. Let d = o + 86. What is the units digit of d?
1
Let l = 74 - 52. Suppose -8 = 2*u + l. What is the units digit of (5/u)/(1/(-9))?
3
Let a(b) = 3*b**2 - b + 1. Let v = -7 + 12. Let c be a(v). Suppose -p = 2*p - 5*o - c, 3*p - 63 = -3*o. What is the units digit of p?
2
Let q(u) = 154*u**2 - 74*u - 427. What is the tens digit of q(-5)?
9
Suppose -2*u + a + 0*a = 1, 2*u + 3*a = -13. What is the tens digit of (u - -1) + 57 + (4 - 3)?
5
Suppose d = -2*d + 3. Suppose -9 + d = -4*x, 2*l - 8 = -x. What is the tens digit of (6 + -11)*(-33)/l?
5
What is the hundreds digit of 129/(-27) + (-2)/9 + 149?
1
Suppose 0 = 29*q + 7*q - 50220. What is the thousands digit of q?
1
Let u be (-6)/(-33) + 13*1/(-11). What is the units digit of 4/(-10) + 96/40 + u?
1
What is the tens digit of 10/25*-5 + 1*263?
6
Suppose -3*g + 11 = -2*g. Let v = -9 + g. What is the tens digit of v + 1/((-3)/(-54))?
2
Let g = -1526 + 2564. What is the units digit of g?
8
Let u(v) = -163*v. Let q(b) = 162*b. Let f(d) = -6*q(d) - 5*u(d). What is the tens digit of f(-1)?
5
Let z(c) = -c**2 + 24*c - 22. Let w be 4 + 22 + (-15)/5. What is the units digit of z(w)?
1
Let c = -518 - -1199. What is the units digit of c?
1
Let y(t) = t**2 - 3. Let r be y(4). Suppose -r*s + 252 = -9*s. What is the tens digit of s?
6
What is the hundreds digit of (1242 - (-3 + 8))*1?
2
Let x be (-81)/9*(-1)/(-3). Let o = x + 56. What is the tens digit of o?
5
Let g = 22 + -10. Let f be 185/20 + (-3)/g. Suppose -f = 2*y - 3*y. What is the units digit of y?
9
Suppose o = 4*o - 1044. Suppose -5*g + o = 63. Suppose 18 = 5*b - g. What is the tens digit of b?
1
Suppose 0 = 3*t + 12 + 15. Let x be (2/(-6))/(t/108). Suppose x*s - 128 = -2*w, s + 0*s + 4*w = 39. What is the tens digit of s?
3
Let d be (2 - (-40)/(-15))*-3. Suppose 2*k = -5*n - k + 13, 0 = -n + d*k. Suppose -n*f + 4*f = 50. What is the units digit of f?
5
Let v = 30 - -664. What is the hundreds digit of v?
6
Let w(y) = 9*y**2 - 29*y + 9. Let r = -5 + 2. Let v(s) = -4*s**2 + 14*s - 4. Let u(x) = r*w(x) - 7*v(x). What is the units digit of u(11)?
1
Suppose q - 5*k = 97 + 22, 3*q - 4*k - 313 = 0. What is the tens digit of q?
9
Let c(y) be the second derivative of -2/3*y**3 - y + 0 - 3/2*y**2. What is the tens digit of c(-7)?
2
Let q be (-20)/50*25/(-2). Suppose 3*n - 80 = -14. Suppose q*d = h + 44, -3*d + 5*h = -0*d - n. What is the units digit of d?
9
Let t(m) = m**3 + 5*m**2 + 3*m + 1. Let s be t(-4). Let u = s + -1. Suppose -133 = -5*v + u*z, 3*v - v = 4*z + 46. What is the units digit of v?
9
Let a = 18 - -301. What is the hundreds digit of a?
3
Suppose y - 11 + 58 = 0. Let r = y - -107. What is the units digit of r?
0
Suppose 4*z + t - 4*t = 4, z - 2*t - 1 = 0. Let x = z + 7. Suppose -3*y + 1 = 4*w, -y + 3*w = -2*y - x. What is the units digit of y?
7
Let b be (-2)/(2/(-33))*1. Suppose -8 = 5*p - b. Suppose -5*d - 2*v + v + 29 = 0, -3*d - 5 = -p*v. What is the units digit of d?
5
Suppose 2*i - 11 + 1 = 0. Suppose -5*j + 813 = 3*k, -2*k = -i*j - 144 - 423. What is the units digit of k?
6
Let a(t) = -7*t**3 - 5*t**2 + 7*t + 21. Suppose 10*w = 4*w - 18. What is the tens digit of a(w)?
4
Let k be (-8)/(-28) + 124/7. Let h = -8 + k. What is the units digit of h/4*(12 + -2)?
5
Suppose f + 0 = 15. Suppose -f + 9 = -2*m. What is the units digit of m?
3
Suppose 4*b - 39 = -19, -4*o = 2*b - 630. What is the units digit of o?
5
Let q(j) = 2*j**3 - 2*j**2 + 5*j - 4. Let t be q(2). Let s(l) = -l + 14. Let o be s(t). Suppose 5*g - 3 - 27 = o. What is the units digit of g?
6
Let n = 2619 + -939. What is the tens digit of n?
8
Let q = -41 - -289. Suppose -4*y + 0*z + 4*z = -1008, -y + q = 3*z. What is the units digit of y?
1
Let d be ((-4)/(-14))/(3/42). Suppose -d = -3*f + 125. What is the units digit of f?
3
Suppose -2 = 2*s, 4*s = 2*w - s - 15. Suppose -a - 380 = -w*m, -2*m + 2*a + 160 = -0*a. What is the tens digit of m?
7
Let g(v) = 4*v + 4. Let j be g(0). Suppose -370 - 342 = -j*y. What is the hundreds digit of y?
1
Let a(p) = p**3 - 13*p**2 + 14*p - 16. Let g be a(12). Suppose -g*l = q - 4*l - 251, 2*q - 5*l = 502. Suppose -5*h + q = -14. What is the units digit of h?
3
Suppose 3*h - 8*h - 2*v - 8 = 0, 0 = 5*h - 2*v - 8. Suppose -2*g + 47 + 17 = h. What is the units digit of g?
2
Suppose -h + 3*p - 8 = 0, 5*p - p - 10 = 2*h. Suppose g - h - 3 = 0, -5*b = 5*g - 240. Let w = b - 26. What is the tens digit of w?
1
Suppose -p = -3*t + 7 - 1, -4*t = 2*p - 18. Suppose u - t*r = 169, -r + 307 = 2*u - 38. Let b = -112 + u. What is the tens digit of b?
6
Suppose -270 = 13*b - 9500. What is the units digit of b?
0
Let m be 3*(-3)/(-9) + 37. Suppose -m = 3*u - 92. What is the units digit of (-6)/(-27) + 158/u?
9
Suppose g + 2*g = g. Suppose g = -24*x + 21*x + 387. What is the tens digit of x?
2
Suppose 0 = -c - 37 + 1